{"id":548,"date":"2020-04-08T13:21:05","date_gmt":"2020-04-08T13:21:05","guid":{"rendered":"https:\/\/marxantsdemuntanyes.cat\/qui-soc\/"},"modified":"2024-02-25T10:35:58","modified_gmt":"2024-02-25T10:35:58","slug":"quien-soy","status":"publish","type":"page","link":"https:\/\/marxantsdemuntanyes.cat\/es\/quien-soy\/","title":{"rendered":"\u00bfQuien soy?"},"content":{"rendered":"\n<style type=\"text\/css\" data-created_by=\"avia_inline_auto\" id=\"style-css-av-mrm91-a4b368b86697bbc923bda216df0780c9\">\n.flex_column.av-mrm91-a4b368b86697bbc923bda216df0780c9{\nborder-radius:0px 0px 0px 0px;\npadding:0px 0px 0px 0px;\n}\n<\/style>\n<div  class='flex_column av-mrm91-a4b368b86697bbc923bda216df0780c9 av_one_third  avia-builder-el-0  el_before_av_two_third  avia-builder-el-first  first flex_column_div av-zero-column-padding  '     ><style type=\"text\/css\" data-created_by=\"avia_inline_auto\" id=\"style-css-av-k8stxnmm-9e0890acc76e82875c686a3ed16bff1d\">\n.avia-image-container.av-k8stxnmm-9e0890acc76e82875c686a3ed16bff1d img.avia_image{\nbox-shadow:none;\n}\n.avia-image-container.av-k8stxnmm-9e0890acc76e82875c686a3ed16bff1d .av-image-caption-overlay-center{\ncolor:#ffffff;\n}\n<\/style>\n<div  class='avia-image-container av-k8stxnmm-9e0890acc76e82875c686a3ed16bff1d av-styling- avia_animated_image av-animated-when-visible-95 av-rotateIn avia-align-center  avia-builder-el-1  avia-builder-el-no-sibling '   itemprop=\"image\" itemscope=\"itemscope\" itemtype=\"https:\/\/schema.org\/ImageObject\" ><div class=\"avia-image-container-inner\"><div class=\"avia-image-overlay-wrap\"><img decoding=\"async\" fetchpriority=\"high\" class='wp-image-459 avia-img-lazy-loading-not-459 avia_image ' src=\"https:\/\/marxantsdemuntanyes.cat\/wp-content\/uploads\/2020\/04\/IMG_20190615_131705-300x268.jpg\" alt='' title='IMG_20190615_131705'  height=\"268\" width=\"300\"  itemprop=\"thumbnailUrl\" srcset=\"https:\/\/marxantsdemuntanyes.cat\/wp-content\/uploads\/2020\/04\/IMG_20190615_131705-300x268.jpg 300w, https:\/\/marxantsdemuntanyes.cat\/wp-content\/uploads\/2020\/04\/IMG_20190615_131705-1030x922.jpg 1030w, https:\/\/marxantsdemuntanyes.cat\/wp-content\/uploads\/2020\/04\/IMG_20190615_131705-768x687.jpg 768w, https:\/\/marxantsdemuntanyes.cat\/wp-content\/uploads\/2020\/04\/IMG_20190615_131705-705x631.jpg 705w, https:\/\/marxantsdemuntanyes.cat\/wp-content\/uploads\/2020\/04\/IMG_20190615_131705.jpg 1257w\" sizes=\"(max-width: 300px) 100vw, 300px\" \/><\/div><\/div><\/div><\/div>\n\n<style type=\"text\/css\" data-created_by=\"avia_inline_auto\" id=\"style-css-av-eg4m5-5ec9585c9b3ee8420535aecfef0e1c2e\">\n.flex_column.av-eg4m5-5ec9585c9b3ee8420535aecfef0e1c2e{\nborder-radius:0px 0px 0px 0px;\npadding:0px 0px 0px 0px;\n}\n<\/style>\n<div  class='flex_column av-eg4m5-5ec9585c9b3ee8420535aecfef0e1c2e av_two_third  avia-builder-el-2  el_after_av_one_third  avia-builder-el-last  flex_column_div av-zero-column-padding  '     ><section  class='av_textblock_section av-k8stzlpf-68728c5329b7f3169c9320337f5935b1 '   itemscope=\"itemscope\" itemtype=\"https:\/\/schema.org\/CreativeWork\" ><div class='avia_textblock'  itemprop=\"text\" ><p style=\"text-align: justify;\">\u00a1Hola gente!<\/p>\n<p style=\"text-align: justify;\">Mi nombre es Pau Curriu, soy T\u00e9cnico Deportivo de Media Monta\u00f1a y T\u00e9cnico deportivo de Barrancos. Mi intenci\u00f3n es compartir buenas experiencias en la monta\u00f1a y transmitir mis conocimientos con todas aquellas personas que lo deseen.<\/p>\n<p style=\"text-align: justify;\">Formo parte de las siguientes entidades\/asociaciones:<\/p>\n<p>Guia del <strong><a href=\"https:\/\/www.camidelsbonshomes.com\/pl9\/propostes-i-ofertes\/id348\/deixa-t-guiar-per-marxants-de-muntanya-durant-tota-la-travessa-del-cami-dels-bons-homes.htm?cat_9=35\">Cam\u00ed dels Bons Homes<\/a><\/strong><\/p>\n<p>Buen conocedor del <strong><a href=\"https:\/\/parcsnaturals.gencat.cat\/ca\/xarxa-de-parcs\/cadi\/inici\/index.html\">Parc Natural del Cad\u00ed Moixer\u00f3<\/a><\/strong><\/p>\n<p style=\"text-align: justify;\">Escola Catalana d&#8217;Alta Muntanya (ECAM).<\/p>\n<p style=\"text-align: justify;\">Associaci\u00f3 Coneixement Neu i Allaus (ACNA, CAG1).<\/p>\n<p style=\"text-align: justify;\">Asociaci\u00f3n Espa\u00f1ola de Gu\u00edas de Monta\u00f1a (AEGM, num. Socio 1480).<\/p>\n<p>Union of International Mountain Leader Associations (UIMLA, num. Socio 1480)<\/p>\n<p style=\"text-align: justify;\">Inscrito en el Registre oficial de Professionals de l\u2019Esport de Catalunya (ROPEC), con n\u00fam: 032581.<\/p>\n<\/div><\/section><\/div>\n","protected":false},"excerpt":{"rendered":"","protected":false},"author":3,"featured_media":0,"parent":0,"menu_order":0,"comment_status":"closed","ping_status":"closed","template":"","meta":{"footnotes":""},"class_list":["post-548","page","type-page","status-publish","hentry"],"yoast_head":"<!-- This site is optimized with the Yoast SEO plugin v27.5 - https:\/\/yoast.com\/product\/yoast-seo-wordpress\/ -->\n<title>Marxants de Muntanyes - Guia de mitja muntanya del Bergued\u00e0<\/title>\n<meta name=\"description\" content=\"S\u00f3c guia de mitja muntanya del bergued\u00e0 i us vui acompanyar amb una gran varietat d&#039;excurcions per tot el territori catal\u00e0\" \/>\n<meta name=\"robots\" content=\"index, follow, max-snippet:-1, max-image-preview:large, max-video-preview:-1\" \/>\n<link rel=\"canonical\" href=\"https:\/\/marxantsdemuntanyes.cat\/es\/quien-soy\/\" \/>\n<meta property=\"og:locale\" content=\"es_ES\" \/>\n<meta property=\"og:type\" content=\"article\" \/>\n<meta property=\"og:title\" content=\"Marxants de Muntanyes - Guia de mitja muntanya del Bergued\u00e0\" \/>\n<meta property=\"og:description\" content=\"S\u00f3c guia de mitja muntanya del bergued\u00e0 i us vui acompanyar amb una gran varietat d&#039;excurcions per tot el territori catal\u00e0\" \/>\n<meta property=\"og:url\" content=\"https:\/\/marxantsdemuntanyes.cat\/es\/quien-soy\/\" \/>\n<meta property=\"og:site_name\" content=\"Marxants de muntanyes\" \/>\n<meta property=\"article:modified_time\" content=\"2024-02-25T10:35:58+00:00\" \/>\n<meta name=\"twitter:card\" content=\"summary_large_image\" \/>\n<meta name=\"twitter:label1\" content=\"Tiempo de lectura\" \/>\n\t<meta name=\"twitter:data1\" content=\"2 minutos\" \/>\n<script type=\"application\/ld+json\" class=\"yoast-schema-graph\">{\"@context\":\"https:\\\/\\\/schema.org\",\"@graph\":[{\"@type\":\"WebPage\",\"@id\":\"https:\\\/\\\/marxantsdemuntanyes.cat\\\/es\\\/quien-soy\\\/\",\"url\":\"https:\\\/\\\/marxantsdemuntanyes.cat\\\/es\\\/quien-soy\\\/\",\"name\":\"Marxants de Muntanyes - Guia de mitja muntanya del Bergued\u00e0\",\"isPartOf\":{\"@id\":\"https:\\\/\\\/marxantsdemuntanyes.cat\\\/#website\"},\"datePublished\":\"2020-04-08T13:21:05+00:00\",\"dateModified\":\"2024-02-25T10:35:58+00:00\",\"description\":\"S\u00f3c guia de mitja muntanya del bergued\u00e0 i us vui acompanyar amb una gran varietat d'excurcions per tot el territori catal\u00e0\",\"breadcrumb\":{\"@id\":\"https:\\\/\\\/marxantsdemuntanyes.cat\\\/es\\\/quien-soy\\\/#breadcrumb\"},\"inLanguage\":\"es\",\"potentialAction\":[{\"@type\":\"ReadAction\",\"target\":[\"https:\\\/\\\/marxantsdemuntanyes.cat\\\/es\\\/quien-soy\\\/\"]}]},{\"@type\":\"BreadcrumbList\",\"@id\":\"https:\\\/\\\/marxantsdemuntanyes.cat\\\/es\\\/quien-soy\\\/#breadcrumb\",\"itemListElement\":[{\"@type\":\"ListItem\",\"position\":1,\"name\":\"Inici\",\"item\":\"https:\\\/\\\/marxantsdemuntanyes.cat\\\/inici\\\/\"},{\"@type\":\"ListItem\",\"position\":2,\"name\":\"\u00bfQuien soy?\"}]},{\"@type\":\"WebSite\",\"@id\":\"https:\\\/\\\/marxantsdemuntanyes.cat\\\/#website\",\"url\":\"https:\\\/\\\/marxantsdemuntanyes.cat\\\/\",\"name\":\"Marxants de muntanyes\",\"description\":\"\",\"potentialAction\":[{\"@type\":\"SearchAction\",\"target\":{\"@type\":\"EntryPoint\",\"urlTemplate\":\"https:\\\/\\\/marxantsdemuntanyes.cat\\\/?s={search_term_string}\"},\"query-input\":{\"@type\":\"PropertyValueSpecification\",\"valueRequired\":true,\"valueName\":\"search_term_string\"}}],\"inLanguage\":\"es\"}]}<\/script>\n<!-- \/ Yoast SEO plugin. -->","yoast_head_json":{"title":"Marxants de Muntanyes - Guia de mitja muntanya del Bergued\u00e0","description":"S\u00f3c guia de mitja muntanya del bergued\u00e0 i us vui acompanyar amb una gran varietat d'excurcions per tot el territori catal\u00e0","robots":{"index":"index","follow":"follow","max-snippet":"max-snippet:-1","max-image-preview":"max-image-preview:large","max-video-preview":"max-video-preview:-1"},"canonical":"https:\/\/marxantsdemuntanyes.cat\/es\/quien-soy\/","og_locale":"es_ES","og_type":"article","og_title":"Marxants de Muntanyes - Guia de mitja muntanya del Bergued\u00e0","og_description":"S\u00f3c guia de mitja muntanya del bergued\u00e0 i us vui acompanyar amb una gran varietat d'excurcions per tot el territori catal\u00e0","og_url":"https:\/\/marxantsdemuntanyes.cat\/es\/quien-soy\/","og_site_name":"Marxants de muntanyes","article_modified_time":"2024-02-25T10:35:58+00:00","twitter_card":"summary_large_image","twitter_misc":{"Tiempo de lectura":"2 minutos"},"schema":{"@context":"https:\/\/schema.org","@graph":[{"@type":"WebPage","@id":"https:\/\/marxantsdemuntanyes.cat\/es\/quien-soy\/","url":"https:\/\/marxantsdemuntanyes.cat\/es\/quien-soy\/","name":"Marxants de Muntanyes - Guia de mitja muntanya del Bergued\u00e0","isPartOf":{"@id":"https:\/\/marxantsdemuntanyes.cat\/#website"},"datePublished":"2020-04-08T13:21:05+00:00","dateModified":"2024-02-25T10:35:58+00:00","description":"S\u00f3c guia de mitja muntanya del bergued\u00e0 i us vui acompanyar amb una gran varietat d'excurcions per tot el territori catal\u00e0","breadcrumb":{"@id":"https:\/\/marxantsdemuntanyes.cat\/es\/quien-soy\/#breadcrumb"},"inLanguage":"es","potentialAction":[{"@type":"ReadAction","target":["https:\/\/marxantsdemuntanyes.cat\/es\/quien-soy\/"]}]},{"@type":"BreadcrumbList","@id":"https:\/\/marxantsdemuntanyes.cat\/es\/quien-soy\/#breadcrumb","itemListElement":[{"@type":"ListItem","position":1,"name":"Inici","item":"https:\/\/marxantsdemuntanyes.cat\/inici\/"},{"@type":"ListItem","position":2,"name":"\u00bfQuien soy?"}]},{"@type":"WebSite","@id":"https:\/\/marxantsdemuntanyes.cat\/#website","url":"https:\/\/marxantsdemuntanyes.cat\/","name":"Marxants de muntanyes","description":"","potentialAction":[{"@type":"SearchAction","target":{"@type":"EntryPoint","urlTemplate":"https:\/\/marxantsdemuntanyes.cat\/?s={search_term_string}"},"query-input":{"@type":"PropertyValueSpecification","valueRequired":true,"valueName":"search_term_string"}}],"inLanguage":"es"}]}},"_links":{"self":[{"href":"https:\/\/marxantsdemuntanyes.cat\/es\/wp-json\/wp\/v2\/pages\/548","targetHints":{"allow":["GET"]}}],"collection":[{"href":"https:\/\/marxantsdemuntanyes.cat\/es\/wp-json\/wp\/v2\/pages"}],"about":[{"href":"https:\/\/marxantsdemuntanyes.cat\/es\/wp-json\/wp\/v2\/types\/page"}],"author":[{"embeddable":true,"href":"https:\/\/marxantsdemuntanyes.cat\/es\/wp-json\/wp\/v2\/users\/3"}],"replies":[{"embeddable":true,"href":"https:\/\/marxantsdemuntanyes.cat\/es\/wp-json\/wp\/v2\/comments?post=548"}],"version-history":[{"count":5,"href":"https:\/\/marxantsdemuntanyes.cat\/es\/wp-json\/wp\/v2\/pages\/548\/revisions"}],"predecessor-version":[{"id":1028,"href":"https:\/\/marxantsdemuntanyes.cat\/es\/wp-json\/wp\/v2\/pages\/548\/revisions\/1028"}],"wp:attachment":[{"href":"https:\/\/marxantsdemuntanyes.cat\/es\/wp-json\/wp\/v2\/media?parent=548"}],"curies":[{"name":"wp","href":"https:\/\/api.w.org\/{rel}","templated":true}]}}

<style type="text/css" data-created_by="avia_inline_auto" id="style-css-av-mrm91-a4b368b86697bbc923bda216df0780c9">
.flex_column.av-mrm91-a4b368b86697bbc923bda216df0780c9{
border-radius:0px 0px 0px 0px;
padding:0px 0px 0px 0px;
}
</style>
<div  class='flex_column av-mrm91-a4b368b86697bbc923bda216df0780c9 av_one_third  avia-builder-el-0  el_before_av_two_third  avia-builder-el-first  first flex_column_div av-zero-column-padding  '     ><style type="text/css" data-created_by="avia_inline_auto" id="style-css-av-k8stxnmm-9e0890acc76e82875c686a3ed16bff1d">
.avia-image-container.av-k8stxnmm-9e0890acc76e82875c686a3ed16bff1d img.avia_image{
box-shadow:none;
}
.avia-image-container.av-k8stxnmm-9e0890acc76e82875c686a3ed16bff1d .av-image-caption-overlay-center{
color:#ffffff;
}
</style>
<div  class='avia-image-container av-k8stxnmm-9e0890acc76e82875c686a3ed16bff1d av-styling- avia_animated_image av-animated-when-visible-95 av-rotateIn avia-align-center  avia-builder-el-1  avia-builder-el-no-sibling '   itemprop="image" itemscope="itemscope" itemtype="https://schema.org/ImageObject" ><div class="avia-image-container-inner"><div class="avia-image-overlay-wrap"><img decoding="async" fetchpriority="high" class='wp-image-459 avia-img-lazy-loading-not-459 avia_image ' src="https://marxantsdemuntanyes.cat/wp-content/uploads/2020/04/IMG_20190615_131705-300x268.jpg" alt='' title='IMG_20190615_131705'  height="268" width="300"  itemprop="thumbnailUrl" srcset="https://marxantsdemuntanyes.cat/wp-content/uploads/2020/04/IMG_20190615_131705-300x268.jpg 300w, https://marxantsdemuntanyes.cat/wp-content/uploads/2020/04/IMG_20190615_131705-1030x922.jpg 1030w, https://marxantsdemuntanyes.cat/wp-content/uploads/2020/04/IMG_20190615_131705-768x687.jpg 768w, https://marxantsdemuntanyes.cat/wp-content/uploads/2020/04/IMG_20190615_131705-705x631.jpg 705w, https://marxantsdemuntanyes.cat/wp-content/uploads/2020/04/IMG_20190615_131705.jpg 1257w" sizes="(max-width: 300px) 100vw, 300px" /></div></div></div></div>

<style type="text/css" data-created_by="avia_inline_auto" id="style-css-av-eg4m5-5ec9585c9b3ee8420535aecfef0e1c2e">
.flex_column.av-eg4m5-5ec9585c9b3ee8420535aecfef0e1c2e{
border-radius:0px 0px 0px 0px;
padding:0px 0px 0px 0px;
}
</style>
<div  class='flex_column av-eg4m5-5ec9585c9b3ee8420535aecfef0e1c2e av_two_third  avia-builder-el-2  el_after_av_one_third  avia-builder-el-last  flex_column_div av-zero-column-padding  '     ><section  class='av_textblock_section av-k8stzlpf-68728c5329b7f3169c9320337f5935b1 '   itemscope="itemscope" itemtype="https://schema.org/CreativeWork" ><div class='avia_textblock'  itemprop="text" ><p style="text-align: justify;">¡Hola gente!</p>
<p style="text-align: justify;">Mi nombre es Pau Curriu, soy Técnico Deportivo de Media Montaña y Técnico deportivo de Barrancos. Mi intención es compartir buenas experiencias en la montaña y transmitir mis conocimientos con todas aquellas personas que lo deseen.</p>
<p style="text-align: justify;">Formo parte de las siguientes entidades/asociaciones:</p>
<p>Guia del <strong><a href="https://www.camidelsbonshomes.com/pl9/propostes-i-ofertes/id348/deixa-t-guiar-per-marxants-de-muntanya-durant-tota-la-travessa-del-cami-dels-bons-homes.htm?cat_9=35">Camí dels Bons Homes</a></strong></p>
<p>Buen conocedor del <strong><a href="https://parcsnaturals.gencat.cat/ca/xarxa-de-parcs/cadi/inici/index.html">Parc Natural del Cadí Moixeró</a></strong></p>
<p style="text-align: justify;">Escola Catalana d&#8217;Alta Muntanya (ECAM).</p>
<p style="text-align: justify;">Associació Coneixement Neu i Allaus (ACNA, CAG1).</p>
<p style="text-align: justify;">Asociación Española de Guías de Montaña (AEGM, num. Socio 1480).</p>
<p>Union of International Mountain Leader Associations (UIMLA, num. Socio 1480)</p>
<p style="text-align: justify;">Inscrito en el Registre oficial de Professionals de l’Esport de Catalunya (ROPEC), con núm: 032581.</p>
</div></section></div>

<!-- This site is optimized with the Yoast SEO plugin v27.5 - https://yoast.com/product/yoast-seo-wordpress/ -->
<title>Marxants de Muntanyes - Guia de mitja muntanya del Berguedà</title>
<meta name="description" content="Sóc guia de mitja muntanya del berguedà i us vui acompanyar amb una gran varietat d&#039;excurcions per tot el territori català" />
<meta name="robots" content="index, follow, max-snippet:-1, max-image-preview:large, max-video-preview:-1" />
<link rel="canonical" href="https://marxantsdemuntanyes.cat/es/quien-soy/" />
<meta property="og:locale" content="es_ES" />
<meta property="og:type" content="article" />
<meta property="og:title" content="Marxants de Muntanyes - Guia de mitja muntanya del Berguedà" />
<meta property="og:description" content="Sóc guia de mitja muntanya del berguedà i us vui acompanyar amb una gran varietat d&#039;excurcions per tot el territori català" />
<meta property="og:url" content="https://marxantsdemuntanyes.cat/es/quien-soy/" />
<meta property="og:site_name" content="Marxants de muntanyes" />
<meta property="article:modified_time" content="2024-02-25T10:35:58+00:00" />
<meta name="twitter:card" content="summary_large_image" />
<meta name="twitter:label1" content="Tiempo de lectura" />
	<meta name="twitter:data1" content="2 minutos" />
<script type="application/ld+json" class="yoast-schema-graph">{"@context":"https:\/\/schema.org","@graph":[{"@type":"WebPage","@id":"https:\/\/marxantsdemuntanyes.cat\/es\/quien-soy\/","url":"https:\/\/marxantsdemuntanyes.cat\/es\/quien-soy\/","name":"Marxants de Muntanyes - Guia de mitja muntanya del Berguedà","isPartOf":{"@id":"https:\/\/marxantsdemuntanyes.cat\/#website"},"datePublished":"2020-04-08T13:21:05+00:00","dateModified":"2024-02-25T10:35:58+00:00","description":"Sóc guia de mitja muntanya del berguedà i us vui acompanyar amb una gran varietat d'excurcions per tot el territori català","breadcrumb":{"@id":"https:\/\/marxantsdemuntanyes.cat\/es\/quien-soy\/#breadcrumb"},"inLanguage":"es","potentialAction":[{"@type":"ReadAction","target":["https:\/\/marxantsdemuntanyes.cat\/es\/quien-soy\/"]}]},{"@type":"BreadcrumbList","@id":"https:\/\/marxantsdemuntanyes.cat\/es\/quien-soy\/#breadcrumb","itemListElement":[{"@type":"ListItem","position":1,"name":"Inici","item":"https:\/\/marxantsdemuntanyes.cat\/inici\/"},{"@type":"ListItem","position":2,"name":"¿Quien soy?"}]},{"@type":"WebSite","@id":"https:\/\/marxantsdemuntanyes.cat\/#website","url":"https:\/\/marxantsdemuntanyes.cat\/","name":"Marxants de muntanyes","description":"","potentialAction":[{"@type":"SearchAction","target":{"@type":"EntryPoint","urlTemplate":"https:\/\/marxantsdemuntanyes.cat\/?s={search_term_string}"},"query-input":{"@type":"PropertyValueSpecification","valueRequired":true,"valueName":"search_term_string"}}],"inLanguage":"es"}]}</script>
<!-- / Yoast SEO plugin. -->

Marxants de Muntanyes - Guia de mitja muntanya del Berguedà

Sóc guia de mitja muntanya del berguedà i us vui acompanyar amb una gran varietat d'excurcions per tot el territori català
